nder when 309 is divided by 80.
69
What is the remainder when 1834 is divided by 275?
184
What is the remainder when 255982 is divided by 9?
4
What is the remainder when 25322 is divided by 477?
41
Calculate the remainder when 5000 is divided by 2371.
258
Calculate the remainder when 37311 is divided by 37301.
10
What is the remainder when 5111 is divided by 813?
233
Calculate the remainder when 25536 is divided by 27.
21
What is the remainder when 13767 is divided by 27?
24
Calculate the remainder when 138698 is divided by 69303.
92
Calculate the remainder when 40834 is divided by 14.
10
What is the remainder when 140454 is divided by 46815?
9
What is the remainder when 1026 is divided by 178?
136
Calculate the remainder when 978937 is divided by 326309.
10
Calculate the remainder when 1495 is divided by 747.
1
Calculate the remainder when 1248029 is divided by 43.
40
What is the remainder when 21889 is divided by 158?
85
Calculate the remainder when 11629 is divided by 1440.
109
Calculate the remainder when 3719 is divided by 15.
14
What is the remainder when 209386 is divided by 82?
40
What is the remainder when 9130 is divided by 2974?
208
Calculate the remainder when 22540 is divided by 115.
0
What is the remainder when 5148 is divided by 2558?
32
What is the remainder when 3134 is divided by 1523?
88
Calculate the remainder when 633 is divided by 35.
3
Calculate the remainder when 6177 is divided by 3080.
17
Calculate the remainder when 1068 is divided by 352.
12
What is the remainder when 80561 is divided by 40259?
43
Calculate the remainder when 16288 is divided by 4061.
44
Calculate the remainder when 5394 is divided by 619.
442
Calculate the remainder when 56402 is divided by 14.
10
What is the remainder when 66946 is divided by 22?
0
What is the remainder when 30232 is divided by 229?
4
Calculate the remainder when 192279 is divided by 460.
459
Calculate the remainder when 2645 is divided by 40.
5
Calculate the remainder when 939 is divided by 154.
15
What is the remainder when 27343 is divided by 147?
1
What is the remainder when 182642 is divided by 91318?
6
What is the remainder when 112125 is divided by 96?
93
What is the remainder when 19406 is divided by 359?
20
What is the remainder when 178434 is divided by 1898?
22
What is the remainder when 736 is divided by 367?
2
Calculate the remainder when 1787409 is divided by 357479.
14
What is the remainder when 19456 is divided by 20?
16
What is the remainder when 2655 is divided by 559?
419
What is the remainder when 6800 is divided by 23?
15
Calculate the remainder when 1687 is divided by 66.
37
Calculate the remainder when 10609 is divided by 60.
49
Calculate the remainder when 24857 is divided by 4137.
35
Calculate the remainder when 131768 is divided by 46.
24
What is the remainder when 24324 is divided by 3027?
108
What is the remainder when 521245 is divided by 38?
37
What is the remainder when 159839 is divided by 333?
332
Calculate the remainder when 2397785 is divided by 799260.
5
What is the remainder when 35 is divided by 19?
16
What is the remainder when 93555 is divided by 10?
5
What is the remainder when 4569 is divided by 1132?
41
What is the remainder when 2573 is divided by 443?
358
What is the remainder when 74770 is divided by 74753?
17
Calculate the remainder when 331198 is divided by 29.
18
What is the remainder when 7082 is divided by 63?
26
Calculate the remainder when 4144 is divided by 69.
4
Calculate the remainder when 90929 is divided by 69.
56
What is the remainder when 1027610 is divided by 95?
90
What is the remainder when 4208 is divided by 71?
19
What is the remainder when 25238 is divided by 480?
278
Calculate the remainder when 28916 is divided by 11.
8
Calculate the remainder when 25269 is divided by 25262.
7
Calculate the remainder when 514 is divided by 61.
26
What is the remainder when 286302 is divided by 143123?
56
Calculate the remainder when 2741 is divided by 905.
26
Calculate the remainder when 3878 is divided by 10.
8
Calculate the remainder when 1173 is divided by 119.
102
Calculate the remainder when 114990 is divided by 38212.
354
Calculate the remainder when 480163 is divided by 1157.
8
What is the remainder when 472685 is divided by 260?
5
Calculate the remainder when 369 is divided by 94.
87
Calculate the remainder when 2286 is divided by 1134.
18
Calculate the remainder when 68419 is divided by 622.
621
Calculate the remainder when 68133 is divided by 22703.
24
What is the remainder when 6258086 is divided by 11?
10
Calculate the remainder when 5624 is divided by 781.
157
Calculate the remainder when 174210 is divided by 366.
360
Calculate the remainder when 136163 is divided by 51.
44
Calculate the remainder when 16717 is divided by 16704.
13
Calculate the remainder when 318 is divided by 117.
84
Calculate the remainder when 124451 is divided by 183.
11
What is the remainder when 7757 is divided by 445?
192
Calculate the remainder when 10945 is divided by 1601.
1339
What is the remainder when 2607 is divided by 8?
7
Calculate the remainder when 3885 is divided by 244.
225
What is the remainder when 370158 is divided by 123384?
6
Calculate the remainder when 6572 is divided by 67.
6
Calculate the remainder when 10070 is divided by 47.
12
What is the remainder when 2186 is divided by 917?
352
What is the remainder when 308034 is divided by 102677?
3
Calculate the remainder when 94396 is divided by 84.
64
What is the remainder when 324769 is divided by 108243?
40
What is the remainder when 621087 is divided by 134?
131
What is the remainder when 19230 is divided by 1129?
37
Calculate the remainder when 77167 is divided by 44.
35
Calculate the remainder when 405307 is divided by 167.
165
What is the remainder when 17729 is divided by 148?
117
What is the remainder when 55504 is divided by 18497?
13
Calculate the remainder when 6052 is divided by 1208.
12
Calculate the remainder when 38472 is divided by 101.
92
What is the remainder when 10806 is divided by 966?
180
Calculate the remainder when 21963 is divided by 142.
95
What is the remainder when 1415231 is divided by 9?
8
Calculate the remainder when 4888 is divided by 442.
26
What is the remainder when 31208 is divided by 2226?
44
What is the remainder when 6729 is divided by 169?
138
What is the remainder when 8502 is divided by 238?
172
Calculate the remainder when 509846 is divided by 110.
106
What is the remainder when 1071944 is divided by 83?
82
What is the remainder when 4570 is divided by 201?
148
What is the remainder when 1715 is divided by 144?
131
What is the remainder when 1451 is divided by 210?
191
Calculate the remainder when 23515 is divided by 1831.
1543
Calculate the remainder when 5764 is divided by 190.
64
What is the remainder when 6622 is divided by 636?
262
What is the remainder when 84862 is divided by 251?
24
What is the remainder when 20066 is divided by 2854?
88
What is the remainder when 11358 is divided by 7?
4
Calculate the remainder when 709 is divided by 166.
45
What is the remainder when 1120496 is divided by 450?
446
Calculate the remainder when 22091 is divided by 68.
59
Calculate the remainder when 12373 is divided by 136.
133
What is the remainder when 10287 is divided by 9859?
428
Calculate the remainder when 1330658 is divided by 28927.
16
What is the remainder when 8347 is divided by 8322?
25
Calculate the remainder when 16212898 is divided by 867.
865
Calculate the remainder when 917 is divided by 315.
287
What is the remainder when 13827 is divided by 128?
3
Calculate the remainder when 3385 is divided by 30.
25
Calculate the remainder when 2500 is divided by 2474.
26
Calculate the remainder when 26477 is divided by 32.
13
What is the remainder when 4361 is divided by 4354?
7
What is the remainder when 9646 is divided by 332?
18
What is the remainder when 6067 is divided by 6067?
0
What is the remainder when 580 is divided by 83?
82
Calculate the remainder when 10864 is divided by 350.
14
Calculate the remainder when 5854 is divided by 490.
464
Calculate the remainder when 51725 is divided by 50.
25
Calculate the remainder when 48694 is divided by 107.
9
What is the remainder when 27742 is divided by 77?
22
What is the remainder whe